94?
2
What is the hundreds digit of 402338?
3
What is the units digit of 9461?
1
What is the millions digit of 12246594?
2
What is the thousands digit of 2915075?
5
What is the millions digit of 1173017?
1
What is the units digit of 368267?
7
What is the units digit of 836?
6
What is the hundreds digit of 11801674?
6
What is the ten thousands digit of 1823015?
2
What is the thousands digit of 56151?
6
What is the hundred thousands digit of 4403509?
4
What is the ten thousands digit of 22069?
2
What is the ten millions digit of 30581459?
3
What is the thousands digit of 372659?
2
What is the units digit of 91067?
7
What is the thousands digit of 951626?
1
What is the millions digit of 2015780?
2
What is the hundreds digit of 4176422?
4
What is the hundreds digit of 7895510?
5
What is the ten millions digit of 12193603?
1
What is the tens digit of 8302982?
8
What is the hundred thousands digit of 688380?
6
What is the hundreds digit of 2308370?
3
What is the units digit of 2552769?
9
What is the units digit of 2929863?
3
What is the ten thousands digit of 27422?
2
What is the thousands digit of 691428?
1
What is the units digit of 8120838?
8
What is the hundreds digit of 6703?
7
What is the thousands digit of 479950?
9
What is the ten thousands digit of 1396542?
9
What is the tens digit of 471477?
7
What is the hundred thousands digit of 12390363?
3
What is the hundred thousands digit of 1217267?
2
What is the millions digit of 1021985?
1
What is the ten thousands digit of 7023432?
2
What is the units digit of 108540?
0
What is the tens digit of 166808?
0
What is the thousands digit of 7422361?
2
What is the millions digit of 4542447?
4
What is the millions digit of 2711637?
2
What is the ten thousands digit of 10798417?
9
What is the units digit of 2934826?
6
What is the units digit of 152001?
1
What is the tens digit of 10445799?
9
What is the hundred thousands digit of 1645316?
6
What is the hundreds digit of 13326913?
9
What is the tens digit of 562651?
5
What is the thousands digit of 126812?
6
What is the ten thousands digit of 384305?
8
What is the units digit of 343992?
2
What is the ten thousands digit of 20154?
2
What is the thousands digit of 17404391?
4
What is the tens digit of 357365?
6
What is the ten millions digit of 10475846?
1
What is the ten millions digit of 21902478?
2
What is the hundred thousands digit of 21489814?
4
What is the ten thousands digit of 4639288?
3
What is the tens digit of 101320?
2
What is the hundreds digit of 2183915?
9
What is the ten thousands digit of 342623?
4
What is the thousands digit of 1100628?
0
What is the hundred thousands digit of 318936?
3
What is the hundreds digit of 380566?
5
What is the tens digit of 9305706?
0
What is the units digit of 912985?
5
What is the thousands digit of 303848?
3
What is the hundreds digit of 19331760?
7
What is the thousands digit of 20562026?
2
What is the tens digit of 4491908?
0
What is the ten thousands digit of 478130?
7
What is the ten thousands digit of 179005?
7
What is the thousands digit of 8652850?
2
What is the ten thousands digit of 8390116?
9
What is the millions digit of 6807718?
6
What is the units digit of 177383?
3
What is the units digit of 22874?
4
What is the thousands digit of 867942?
7
What is the units digit of 145116?
6
What is the hundreds digit of 4716935?
9
What is the tens digit of 811376?
7
What is the hundred thousands digit of 942027?
9
What is the thousands digit of 570342?
0
What is the thousands digit of 382916?
2
What is the tens digit of 3318047?
4
What is the hundreds digit of 281989?
9
What is the hundreds digit of 27223?
2
What is the units digit of 952949?
9
What is the tens digit of 148553?
5
What is the hundreds digit of 2138997?
9
What is the hundred thousands digit of 699903?
6
What is the ten thousands digit of 844354?
4
What is the ten thousands digit of 3280962?
8
What is the ten thousands digit of 186548?
8
What is the units digit of 7392260?
0
What is the hundreds digit of 1403647?
6
What is the tens digit of 1492751?
5
What is the hundred thousands digit of 110455?
1
What is the units digit of 334853?
3
What is the millions digit of 20570664?
0
What is the ten millions digit of 16208279?
1
What is the hundred thousands digit of 5626439?
6
What is the units digit of 304616?
6
What is the ten thousands digit of 164814?
6
What is the tens digit of 22643707?
0
What is the ten thousands digit of 33743?
3
What is the tens digit of 37055?
5
What is the hundreds digit of 3823?
8
What is the hundreds digit of 37619?
6
What is the thousands digit of 158648?
8
What is the hundred thousands digit of 1285411?
2
What is the hundred thousands digit of 1895119?
8
What is the thousands digit of 457889?
7
What is the ten thousands digit of 242790?
4
What is the thousands digit of 641441?
1
What is the units digit of 824250?
0
What is the thousands digit of 14231836?
1
What is the thousands digit of 241911?
1
What is the ten thousands digit of 131996?
3
What is the hundred thousands digit of 690800?
6
What is the millions digit of 35919255?
5
What is the hundred thousands digit of 2833638?
8
What is the thousands digit of 7195521?
5
What is the thousands digit of 2825793?
5
What is the ten thousands digit of 552625?
5
What is the hundred thousands digit of 613402?
6
What is the hundreds digit of 55339?
3
What is the hundred thousands digit of 1195121?
1
What is the thousands digit of 827550?
7
What is the tens digit of 1282311?
1
What is the hundreds digit of 8410532?
5
What is the hundreds digit of 2597706?
7
What is the thousands digit of 263668?
3
What is the units digit of 55122?
2
What is the ten thousands digit of 13299632?
9
What is the hundred thousands digit of 1351237?
3
What is the units digit of 2866698?
8
What is the tens digit of 283091?
9
What is the hundreds digit of 2084087?
0
What is the hundred thousands digit of 10946788?
9
What is the ten thousands digit of 9896858?
9
What is the hundreds digit of 7199697?
6
What is the units digit of 3928488?
8
What is the thousands digit of 3478245?
8
What is the ten thousands digit of 971620?
7
What is the hundreds digit of 1781671?
6
What is the ten thousands digit of 4589371?
8
What is the units digit of 123475?
5
What is the ten thousands digit of 19052694?
5
What is the hundreds digit of 4353539?
5
What is the hundreds digit of 156428?
4
What is the ten thousands digit of 3992425?
9
What is the units digit of 244201?
1
What is the hundred thousands digit of 2800773?
8
What is the thousands digit of 443955?
3
What is the hundreds digit of 1730671?
6
What is the ten thousands digit of 1435420?
3
What is the units digit of 129902?
2
What is the thousands digit of 2529103?
9
What is the hundred thousands digit of 263729?
2
What is the hundreds digit of 294669?
6
What is the hundred thousands digit of 983646?
9
What is the ten thousands digit of 466240?
6
What is the hundred thousands digit of 616006?
6
What is the thousands digit of 770938?
0
What is the tens digit of 106124?
2
What is the hundreds digit of 73304?
3
What is the hundred thousands digit of 2394175?
3
What is the millions digit of 1145598?
1
What is the millions digit of 15127786?
5
What is the tens digit of 181281?
8
What is the tens digit of 215223?
2
What is the units digit of 5576248?
8
What is the ten thousands digit of 14582?
1
What is the units digit of 5727848?
8
What is the units digit of 2910266?
6
What is the hundred thousands digit of 280808?
2
What is the units digit of 17171?
1
What is the ten thousands digit of 20523236?
2
What is the millions digit of 32851509?
2
What is the hundred thousands digit of 1708912?
7
What is the ten thousands digit of 798593?
9
What is the hundred thousands digit of 166517?
1
What is the millions digit of 1229037?
1
What is the thousands digit of 600476?
0
What is the ten thousands digit of 4020807?
2
What is the hundreds digit of 6043295?
2
What is the units digit of 1682027?
7
What is the hundred thousands digit of 112393?
1
What is the millions digit of 4666578?
4
What is the thousands digit of 369761?
9
What is the thousands digit of 10016006?
6
What is the thousands digit of 3400494?
0
What is the millions digit of 1635991?
1
What is the units digit of 34